+ 5*g - 13. Calculate the greatest common factor of o and 15.
15
Suppose 3*w - 2*p - 362 = 0, 2*w = 5*p + 227 - 4. Let u = w - 84. What is the greatest common divisor of u and 100?
20
Let x = -4 + 2. Let c(k) = k**2 - k - 1. Let m be c(x). Let j(d) = -3*d + 2. Let g be j(-6). Calculate the greatest common divisor of m and g.
5
Let o be (-4)/14 + (-74)/(-14). Suppose 2*u - 4*u - 46 = -2*h, 15 = -o*u. What is the highest common factor of 220 and h?
20
Let h(i) = i + 11. Let p be h(0). Let l(m) = 9*m + 1. Let v be l(6). Calculate the greatest common divisor of p and v.
11
Suppose -16*h - 18 + 194 = 0. Calculate the greatest common divisor of h and 44.
11
Let y be 6/(6/2) - 0. Let x be 1 - 6 - (-6)/y. Let k(s) = -10*s - 3. Let f be k(x). What is the highest common factor of 119 and f?
17
Let b = -130 + 207. Calculate the highest common factor of b and 7.
7
Suppose -4*v = -3*v - 3. Suppose 0 = -5*j + 5*o + 15, v = j + o + 3*o. What is the highest common divisor of j and 12?
3
Let g(u) be the second derivative of -u**3/2 - u**2/2 + 5*u. Let l be g(-7). Calculate the highest common divisor of 140 and l.
20
Suppose 0 = 2*v + 2*c - 5 - 9, -v - 3*c - 1 = 0. Let s(o) = 5 + 4 - 7*o + 10*o. Let l be s(8). What is the greatest common divisor of l and v?
11
Let s(x) = -x**2 - 6*x - 5. Let t be s(-5). Suppose -4*l + 2*l + 2 = t. Calculate the highest common factor of l and 3.
1
Let c = 17 + -25. Let s = 7 - c. Calculate the highest common divisor of 5 and s.
5
Suppose -14 = -3*w + 1. Calculate the greatest common divisor of w and 25.
5
Let k = 46 + 73. Calculate the highest common factor of k and 17.
17
Let d = 448 + -178. Let v be 2 - 1 - 6/(-2). Suppose 0 = v*z + z - d. What is the highest common divisor of 18 and z?
18
Suppose k + 243 = 4*l, -3*l - 3*k = k - 168. What is the greatest common divisor of l and 30?
30
Let d be 0 - -2 - 445/(-5). Calculate the highest common factor of d and 13.
13
Let n be 0 - 6/(-2) - -96. Calculate the greatest common divisor of 11 and n.
11
Suppose 5*q - 67 = 2*q + 4*i, q = 2*i + 25. Let b be 4/18 + 3052/36. Calculate the highest common divisor of b and q.
17
Suppose -10 = 2*k, 18 = -3*q - 4*k - 8. Let o = q + 4. What is the highest common divisor of o and 16?
2
Suppose -2*p + m + 347 = 125, 4*p - 448 = 4*m. Suppose 2*r = 7*r - p. What is the highest common factor of 11 and r?
11
Let f = -28 - -35. What is the highest common divisor of f and 7?
7
Let q be 6/14 - (-180)/21. Let j be (-5)/2*(-810)/25. Calculate the highest common divisor of j and q.
9
Suppose 3*h - 3 = 93. Suppose -9*i = -5*i - 192. What is the highest common factor of i and h?
16
Let r = 12 - 9. Let u be (-1)/(0 - (-1)/r). Let x be 6/(u*(-3)/36). Calculate the greatest common factor of x and 12.
12
Suppose -2*q = -7 - 13. Let n be ((-24)/q)/((-2)/15). What is the highest common factor of 6 and n?
6
Let l be 1/(-1)*1 + 3. Suppose -125 = -l*n + 19. Calculate the greatest common factor of 9 and n.
9
Suppose -2*u - 56 = -9*u. Calculate the highest common divisor of 72 and u.
8
Let k be (-177)/(-4) - (-3)/(-12). Let i be 114/10 - (-8)/(-20). Calculate the greatest common divisor of k and i.
11
Suppose -4 = 5*j - 6*j. Let g = -2 + j. Suppose 5*i - 191 = -0*i + 3*u, i - g*u = 34. Calculate the highest common divisor of i and 5.
5
Let q be (18/(-3))/(8/(-12)). Calculate the highest common factor of q and 3.
3
Let g be (-860)/(-18) - 4/(-18). Calculate the greatest common divisor of g and 120.
24
Let o = 31 - -2. What is the highest common divisor of 3 and o?
3
Let o(b) = b**2 + 4*b - 1. Let q be o(-6). What is the highest common factor of q and 22?
11
Let s be (-4)/10*-10*8. Suppose -2*k = -k - 16. Calculate the highest common factor of s and k.
16
Let m(d) = -d**3 - 8*d**2 - 8*d - 10. Let a be m(-7). Let v be 50/4 + a/6. Calculate the highest common factor of v and 3.
3
Let g(b) = -2 - 8 + 3 + 11*b. Let s be g(7). Suppose 5*i + 45 = 2*p, i - 3*i + 30 = 4*p. What is the highest common divisor of s and p?
10
Let g = -44 - -67. What is the greatest common factor of 161 and g?
23
Suppose 0 = 2*x + 8, 160 = m + 2*m + 2*x. Suppose 2*s - 156 = 3*j, -2*s - 3*j = 2*s - 348. Calculate the greatest common factor of m and s.
28
Let u be 14/((-2)/(-9) + 0). What is the greatest common factor of 21 and u?
21
Suppose -2*f + 58 = 3*l, -42 = -2*l - f - 5. Suppose 3*j - 4*p = 31, -j + l = j - 5*p. Calculate the greatest common divisor of j and 91.
13
Let h be (34/(-1))/(4/(-8)). Let g = -35 + h. Let m be ((-2)/(-6))/((-1)/(-33)). What is the greatest common divisor of m and g?
11
Let c(w) = -w**3 + 4*w**2 + 6*w - 4. Let v be c(5). Let a(o) = -3*o + 1 + 0 + o + 4*o**3 + 2*o**2. Let i be a(v). What is the highest common factor of i and 1?
1
Let h = 37 + -22. What is the highest common factor of h and 165?
15
Let n be 3*1*(-4)/6. Let c = n + 20. Let d = c + 0. Calculate the greatest common divisor of 72 and d.
18
Let p = -195 + 231. Suppose 4*s + 4*u + 0*u = 64, 2*s - 4*u = 8. Calculate the highest common divisor of s and p.
12
Let l(o) = -10*o - 1. Suppose 3*z = -4 - 8. Let t be l(z). Suppose -2*q = -37 + 11. Calculate the highest common factor of t and q.
13
Let f be 10/3*12/(-5). Let m(q) = q**3 + 7*q**2 - 9*q + 3. Let i be m(f). Let c = 180 + -70. Calculate the highest common divisor of c and i.
11
Let c be (-3 + 2)*(0 + -126). Suppose 17 = 3*t - 2*t. Suppose -5*d - 71 = -5*u - 6*d, -u + t = 3*d. What is the greatest common factor of c and u?
14
Suppose 0 = 3*x + x - 168. What is the greatest common factor of 28 and x?
14
Let a = -145 + 171. What is the highest common divisor of a and 39?
13
Suppose -69*q = -72*q + 138. Calculate the highest common factor of q and 69.
23
Suppose 6*v - h - 118 = 3*v, -2*h = -4*v + 160. Calculate the highest common divisor of v and 114.
38
Suppose -3*k - k - 80 = -4*y, -y = 2*k - 14. Let p = -313 - -331. Calculate the highest common factor of y and p.
18
Suppose -4*w = 1 - 9. Let c be w/(1 + 0) + -46. Let h = -24 - c. What is the highest common factor of 4 and h?
4
Let t = -17 - -12. Let y = -2 - t. Suppose 0 = 4*f + y*n - 49 + 8, 4*n = -3*f + 36. What is the highest common divisor of f and 8?
8
Suppose 15*h - 768 = 9*h. Calculate the greatest common factor of h and 8.
8
Let p be -1*2*(-76)/8. What is the highest common factor of p and 38?
19
Let t(z) = -z**3 + 8*z**2 - 3*z + 10. Let p be t(6). Let i = 61 + -29. What is the highest common divisor of i and p?
32
Let q = 79 - 74. What is the greatest common divisor of 65 and q?
5
Let w be 10 + (-8 + 3)*(-9)/15. What is the highest common factor of 377 and w?
13
Let g = -2 + 6. Let l be (-312)/g*(-1)/2. Calculate the highest common factor of l and 13.
13
Let p(k) = -k**3 + 11*k**2 - 12*k - 14. Let m be p(10). Let h = 69 + m. Calculate the greatest common divisor of h and 7.
7
Let i be ((-3)/(-6))/((-3)/(-36)). What is the greatest common divisor of i and 162?
6
Let q = 14 - 6. Let h = 43 + -27. Calculate the greatest common divisor of q and h.
8
Let p = 49 - 29. Calculate the highest common divisor of p and 5.
5
Let d(q) = -9*q - 4. Let o be d(-4). What is the highest common divisor of o and 16?
16
Let x be 323/5 + (6/(-5))/(-3). What is the highest common divisor of x and 26?
13
Let j be 8 + -4 - 0/(-3). Suppose 0 = 5*s + 2*k - 61, -2*k + 56 = j*s - 4*k. What is the greatest common factor of s and 39?
13
Suppose 3*n = 6*v - 2*v - 36, 0 = -5*n. Let h be (20 - 1) + (-3 - (-8 + 6)). Calculate the greatest common divisor of v and h.
9
Let u be 4/8 + (-309)/(-2). Calculate the highest common factor of 62 and u.
31
Let m be -21*((-3)/(-9) - 1). What is the greatest common factor of 21 and m?
7
Let d be (-44)/(-3)*(-18)/(-12). What is the highest common divisor of d and 11?
11
Let d = 34 + -16. Let c be 4/(-8)*24/(-1). What is the greatest common factor of c and d?
6
Suppose 2*l + 5*f = 231, -135 = -l - 3*f - 18. Let c = 21 - 6. Let g = 27 - c. What is the highest common factor of l and g?
12
Let m = 10 - 24. Let t be (-1)/2*1*m. Let s = -11 + 39. What is the highest common divisor of s and t?
7
Let n be 1*122*(-2)/4. Let m = n + 89. What is the greatest common divisor of m and 4?
4
Let q = 54 - 37. Let y(z) = z**3 - z + 51. Let p be y(0). Calculate the greatest common divisor of q and p.
17
Let w(h) = -h